{"id":1317,"date":"2026-02-24T17:10:55","date_gmt":"2026-02-24T17:10:55","guid":{"rendered":"https:\/\/krzysztofmusial.art\/?page_id=1317"},"modified":"2026-02-25T17:32:28","modified_gmt":"2026-02-25T17:32:28","slug":"1317-2","status":"publish","type":"page","link":"https:\/\/krzysztofmusial.art\/index.php\/1317-2\/","title":{"rendered":"Wystawy"},"content":{"rendered":"\n<figure class=\"wp-block-gallery has-nested-images columns-7 is-cropped wp-block-gallery-1 is-layout-flex wp-block-gallery-is-layout-flex\">\n<figure class=\"wp-block-image size-thumbnail\"><a href=\"https:\/\/krzysztofmusial.art\/index.php\/baltycka-galeria-sztuki-wspolczesnej-galeria-kameralna-slupsk-2005\/\"><img loading=\"lazy\" decoding=\"async\" width=\"150\" height=\"150\" data-id=\"1221\" src=\"https:\/\/krzysztofmusial.art\/wp-content\/uploads\/2025\/12\/slupsk_094-150x150.jpg\" alt=\"\" class=\"wp-image-1221\" style=\"aspect-ratio:3\/2\"\/><\/a><figcaption class=\"wp-element-caption\">Ba\u0142tycka Galeria Sztuki Wsp\u00f3\u0142czesnej \u2013 Galeria Kameralna \u2013 S\u0142upsk 2005<\/figcaption><\/figure>\n\n\n\n<figure class=\"wp-block-image size-thumbnail\"><a href=\"https:\/\/krzysztofmusial.art\/index.php\/poznanska-galeria-nowa-poznan-2009\/\"><img loading=\"lazy\" decoding=\"async\" width=\"150\" height=\"150\" data-id=\"1197\" src=\"https:\/\/krzysztofmusial.art\/wp-content\/uploads\/2025\/12\/G-Nowa-2009_11-150x150.jpg\" alt=\"\" class=\"wp-image-1197\" style=\"aspect-ratio:3\/2\"\/><\/a><figcaption class=\"wp-element-caption\">Pozna\u0144ska Galeria Nowa \u2013 Pozna\u0144 \u2013 2009<\/figcaption><\/figure>\n\n\n\n<figure class=\"wp-block-image size-thumbnail is-style-default\"><a href=\"https:\/\/krzysztofmusial.art\/index.php\/bwa-sandomierz-2010\/\"><img loading=\"lazy\" decoding=\"async\" width=\"150\" height=\"150\" data-id=\"1207\" src=\"https:\/\/krzysztofmusial.art\/wp-content\/uploads\/2025\/12\/galeria_128-150x150.jpg\" alt=\"\" class=\"wp-image-1207\" style=\"aspect-ratio:3\/2\"\/><\/a><figcaption class=\"wp-element-caption\">BWA Sandomierz &#8211; 2010<\/figcaption><\/figure>\n\n\n\n<figure class=\"wp-block-image size-thumbnail\"><a href=\"https:\/\/krzysztofmusial.art\/index.php\/galeria-warehause-magazyn-sztuki-warszawa-2010\/\"><img loading=\"lazy\" decoding=\"async\" width=\"150\" height=\"150\" data-id=\"1186\" src=\"https:\/\/krzysztofmusial.art\/wp-content\/uploads\/2025\/12\/MBX6606-150x150.jpg\" alt=\"\" class=\"wp-image-1186\" style=\"aspect-ratio:3\/2\"\/><\/a><figcaption class=\"wp-element-caption\">Galeria Warehause \u2013 Magazyn Sztuki \u2013 Warszawa 2010<\/figcaption><\/figure>\n\n\n\n<figure class=\"wp-block-image size-thumbnail\"><img loading=\"lazy\" decoding=\"async\" width=\"150\" height=\"150\" data-id=\"1163\" src=\"https:\/\/krzysztofmusial.art\/wp-content\/uploads\/2025\/12\/MBX7114-150x150.jpg\" alt=\"\" class=\"wp-image-1163\" style=\"aspect-ratio:3\/2\"\/><figcaption class=\"wp-element-caption\">Mazowieckie Centrum Kultury i Sztuki \u2013 Galeria Elektor \u2013 Warszawa 2011<\/figcaption><\/figure>\n\n\n\n<figure class=\"wp-block-image size-thumbnail\"><a href=\"https:\/\/krzysztofmusial.art\/index.php\/tarnogorskie-centrum-kultury-galeria-przytick-tarnowskie-gory-2012\/\"><img loading=\"lazy\" decoding=\"async\" width=\"150\" height=\"150\" data-id=\"1181\" src=\"https:\/\/krzysztofmusial.art\/wp-content\/uploads\/2025\/12\/ka-002-150x150.jpg\" alt=\"\" class=\"wp-image-1181\" style=\"aspect-ratio:3\/2\"\/><\/a><figcaption class=\"wp-element-caption\">Tarnog\u00f3rskie Centrum Kultury \u2013 Galeria Przytick \u2013 Tarnowskie G\u00f3ry 2012<\/figcaption><\/figure>\n\n\n\n<figure class=\"wp-block-image size-thumbnail\"><a href=\"https:\/\/krzysztofmusial.art\/index.php\/czapskigallery-poznan-2015\/\"><img loading=\"lazy\" decoding=\"async\" width=\"150\" height=\"150\" data-id=\"1144\" src=\"https:\/\/krzysztofmusial.art\/wp-content\/uploads\/2025\/12\/MBX_9539-150x150.jpg\" alt=\"\" class=\"wp-image-1144\" style=\"aspect-ratio:3\/2\"\/><\/a><figcaption class=\"wp-element-caption\">CzapskiGallery \u2013 Pozna\u0144 2015<\/figcaption><\/figure>\n\n\n\n<figure class=\"wp-block-image size-thumbnail\"><a href=\"https:\/\/krzysztofmusial.art\/index.php\/galeria-sztuki-wspolczesnej-bwa-wloclawek-2015\/\"><img loading=\"lazy\" decoding=\"async\" width=\"150\" height=\"150\" data-id=\"904\" src=\"https:\/\/krzysztofmusial.art\/wp-content\/uploads\/2025\/02\/DSCN6380-150x150.jpg\" alt=\"\" class=\"wp-image-904\" style=\"aspect-ratio:3\/2\"\/><\/a><figcaption class=\"wp-element-caption\">Galeria Sztuki Wsp\u00f3\u0142czesnej BWA \u2013 W\u0142oc\u0142awek 2015<\/figcaption><\/figure>\n\n\n\n<figure class=\"wp-block-image size-thumbnail\"><a href=\"https:\/\/krzysztofmusial.art\/index.php\/bwa-galeria-sanocka-2017\/\"><img loading=\"lazy\" decoding=\"async\" width=\"150\" height=\"150\" data-id=\"892\" src=\"https:\/\/krzysztofmusial.art\/wp-content\/uploads\/2025\/02\/BWA-Sanok_18-150x150.jpg\" alt=\"\" class=\"wp-image-892\" style=\"aspect-ratio:3\/2\"\/><\/a><figcaption class=\"wp-element-caption\">BWA Galeria Sanocka \u2013 Sanok 2017<\/figcaption><\/figure>\n\n\n\n<figure class=\"wp-block-image size-thumbnail\"><a href=\"https:\/\/krzysztofmusial.art\/index.php\/miejska-galeria-sztuki-mm-chorzow-2018\/\"><img loading=\"lazy\" decoding=\"async\" width=\"150\" height=\"150\" data-id=\"870\" src=\"https:\/\/krzysztofmusial.art\/wp-content\/uploads\/2025\/02\/malarstwo-062-150x150.jpg\" alt=\"\" class=\"wp-image-870\" style=\"aspect-ratio:3\/2\"\/><\/a><figcaption class=\"wp-element-caption\">Miejska Galeria Sztuki MM \u2013 Chorz\u00f3w 2018<\/figcaption><\/figure>\n\n\n\n<figure class=\"wp-block-image size-thumbnail\"><a href=\"https:\/\/krzysztofmusial.art\/index.php\/galeria-strefart-tychy-2020\/\"><img loading=\"lazy\" decoding=\"async\" width=\"150\" height=\"150\" data-id=\"852\" src=\"https:\/\/krzysztofmusial.art\/wp-content\/uploads\/2025\/02\/132021002_3587054124681384_7344195443807189475_o-150x150.jpg\" alt=\"\" class=\"wp-image-852\" style=\"aspect-ratio:3\/2\"\/><\/a><figcaption class=\"wp-element-caption\">Galeria STREFART \u2013 Tychy 2020<\/figcaption><\/figure>\n\n\n\n<figure class=\"wp-block-image size-thumbnail\"><a href=\"https:\/\/krzysztofmusial.art\/index.php\/wystawa-w-przestrzeni-publicznej-walbrzych-2021\/\"><img loading=\"lazy\" decoding=\"async\" width=\"150\" height=\"150\" data-id=\"807\" src=\"https:\/\/krzysztofmusial.art\/wp-content\/uploads\/2025\/02\/20210223_164903-150x150.jpg\" alt=\"\" class=\"wp-image-807\" style=\"aspect-ratio:3\/2\"\/><\/a><figcaption class=\"wp-element-caption\">Wystawa w przestrzeni publicznej \u2013 Wa\u0142brzych 2021<\/figcaption><\/figure>\n\n\n\n<figure class=\"wp-block-image size-thumbnail\"><a href=\"https:\/\/krzysztofmusial.art\/index.php\/walbrzyska-galeria-sztuki-bwa-walbrzych-2021\/\"><img loading=\"lazy\" decoding=\"async\" width=\"150\" height=\"150\" data-id=\"835\" src=\"https:\/\/krzysztofmusial.art\/wp-content\/uploads\/2025\/02\/159609829_976334116237082_5360144339137842642_o-150x150.jpg\" alt=\"\" class=\"wp-image-835\" style=\"aspect-ratio:3\/2\"\/><\/a><figcaption class=\"wp-element-caption\">Wa\u0142brzyska Galeria Sztuki BWA \u2013 Wa\u0142brzych 2021<\/figcaption><\/figure>\n\n\n\n<figure class=\"wp-block-image size-thumbnail\"><a href=\"https:\/\/krzysztofmusial.art\/index.php\/galeria-sztuki-next-bydgoszcz-2022\/\"><img loading=\"lazy\" decoding=\"async\" width=\"150\" height=\"150\" data-id=\"830\" src=\"https:\/\/krzysztofmusial.art\/wp-content\/uploads\/2025\/02\/278579384_4797900160319671_9134802126172384484_n-150x150.jpg\" alt=\"\" class=\"wp-image-830\" style=\"aspect-ratio:3\/2\"\/><\/a><figcaption class=\"wp-element-caption\">Galeria Sztuki NEXT- Bydgoszcz 2022<\/figcaption><\/figure>\n<figcaption class=\"blocks-gallery-caption wp-element-caption\">khjgkhgkhyg<\/figcaption><\/figure>\n\n\n\n<div class=\"wp-block-columns is-layout-flex wp-container-core-columns-is-layout-28f84493 wp-block-columns-is-layout-flex\">\n<div class=\"wp-block-column is-layout-flow wp-block-column-is-layout-flow\">\n<figure class=\"wp-block-embed is-type-video is-provider-youtube wp-block-embed-youtube wp-embed-aspect-4-3 wp-has-aspect-ratio\"><div class=\"wp-block-embed__wrapper\">\n<iframe loading=\"lazy\" title=\"BWA - W\u0141OC\u0141AWEK 2015\" width=\"500\" height=\"375\" src=\"https:\/\/www.youtube.com\/embed\/OxJgzHyw6dE?feature=oembed\" frameborder=\"0\" allow=\"accelerometer; autoplay; clipboard-write; encrypted-media; gyroscope; picture-in-picture; web-share\" referrerpolicy=\"strict-origin-when-cross-origin\" allowfullscreen><\/iframe>\n<\/div><\/figure>\n<\/div>\n\n\n\n<div class=\"wp-block-column is-layout-flow wp-block-column-is-layout-flow\">\n<figure class=\"wp-block-embed is-type-video is-provider-youtube wp-block-embed-youtube wp-embed-aspect-4-3 wp-has-aspect-ratio\"><div class=\"wp-block-embed__wrapper\">\n<iframe loading=\"lazy\" title=\"Relacja z wernisa\u017cu - K. Musia\u0142 - BWA Sandomierz\" width=\"500\" height=\"375\" src=\"https:\/\/www.youtube.com\/embed\/3glhx_ghDO0?feature=oembed\" frameborder=\"0\" allow=\"accelerometer; autoplay; clipboard-write; encrypted-media; gyroscope; picture-in-picture; web-share\" referrerpolicy=\"strict-origin-when-cross-origin\" allowfullscreen><\/iframe>\n<\/div><\/figure>\n<\/div>\n\n\n\n<div class=\"wp-block-column is-layout-flow wp-block-column-is-layout-flow\">\n<figure class=\"wp-block-embed is-type-video is-provider-youtube wp-block-embed-youtube wp-embed-aspect-16-9 wp-has-aspect-ratio\"><div class=\"wp-block-embed__wrapper\">\n<iframe loading=\"lazy\" title=\"Relacja z wernisa\u017cu - TCK -Tarnowskie G\u00f3ry\" width=\"500\" height=\"281\" src=\"https:\/\/www.youtube.com\/embed\/EWAoJR_Xsp4?feature=oembed\" frameborder=\"0\" allow=\"accelerometer; autoplay; clipboard-write; encrypted-media; gyroscope; picture-in-picture; web-share\" referrerpolicy=\"strict-origin-when-cross-origin\" allowfullscreen><\/iframe>\n<\/div><\/figure>\n<\/div>\n\n\n\n<div class=\"wp-block-column is-layout-flow wp-block-column-is-layout-flow\">\n<p><\/p>\n<\/div>\n<\/div>\n\n\n\n<p style=\"font-size:13px\"><\/p>\n\n\n\n<div class=\"wp-block-buttons is-layout-flex wp-block-buttons-is-layout-flex\">\n<div class=\"wp-block-button is-style-outline is-style-outline--2\"><a class=\"wp-block-button__link wp-element-button\" href=\"https:\/\/www.facebook.com\/nicsieniedziejewalbrzych\/videos\/1339786093048518\/?extid=CL-UNK-UNK-UNK-AN_GK0T-GK1C\" target=\"_blank\" rel=\"noreferrer noopener\">Relacja BWA Wa\u0142brzych 2022<\/a><\/div>\n\n\n\n<div class=\"wp-block-button is-style-outline is-style-outline--3\"><a class=\"wp-block-button__link wp-element-button\" href=\"https:\/\/www.facebook.com\/bwa.walbrzych\/videos\/1367424013636324\/?extid=CL-UNK-UNK-UNK-AN_GK0T-GK1C\" target=\"_blank\" rel=\"noreferrer noopener\">Relacja BWA Wa\u0142brzych 2022 II<\/a><\/div>\n<\/div>\n\n\n\n<div class=\"wp-block-buttons is-layout-flex wp-block-buttons-is-layout-flex\"><\/div>\n\n\n\n<p><\/p>\n","protected":false},"excerpt":{"rendered":"","protected":false},"author":1,"featured_media":0,"parent":0,"menu_order":0,"comment_status":"closed","ping_status":"closed","template":"","meta":{"site-container-style":"default","site-container-layout":"default","site-sidebar-layout":"default","disable-article-header":"default","disable-site-header":"default","disable-site-footer":"default","disable-content-area-spacing":"default","footnotes":""},"class_list":["post-1317","page","type-page","status-publish","hentry"],"yoast_head":"<!-- This site is optimized with the Yoast SEO plugin v26.8 - https:\/\/yoast.com\/product\/yoast-seo-wordpress\/ -->\n<title>Wystawy - Krzysztof Musia\u0142<\/title>\n<meta name=\"robots\" content=\"index, follow, max-snippet:-1, max-image-preview:large, max-video-preview:-1\" \/>\n<link rel=\"canonical\" href=\"https:\/\/krzysztofmusial.art\/index.php\/1317-2\/\" \/>\n<meta property=\"og:locale\" content=\"en_US\" \/>\n<meta property=\"og:type\" content=\"article\" \/>\n<meta property=\"og:title\" content=\"Wystawy - Krzysztof Musia\u0142\" \/>\n<meta property=\"og:url\" content=\"https:\/\/krzysztofmusial.art\/index.php\/1317-2\/\" \/>\n<meta property=\"og:site_name\" content=\"Krzysztof Musia\u0142\" \/>\n<meta property=\"article:modified_time\" content=\"2026-02-25T17:32:28+00:00\" \/>\n<meta property=\"og:image\" content=\"https:\/\/krzysztofmusial.art\/wp-content\/uploads\/2025\/12\/slupsk_094.jpg\" \/>\n\t<meta property=\"og:image:width\" content=\"1632\" \/>\n\t<meta property=\"og:image:height\" content=\"1224\" \/>\n\t<meta property=\"og:image:type\" content=\"image\/jpeg\" \/>\n<meta name=\"twitter:card\" content=\"summary_large_image\" \/>\n<meta name=\"twitter:label1\" content=\"Est. reading time\" \/>\n\t<meta name=\"twitter:data1\" content=\"4 minutes\" \/>\n<script type=\"application\/ld+json\" class=\"yoast-schema-graph\">{\"@context\":\"https:\/\/schema.org\",\"@graph\":[{\"@type\":\"WebPage\",\"@id\":\"https:\/\/krzysztofmusial.art\/index.php\/1317-2\/\",\"url\":\"https:\/\/krzysztofmusial.art\/index.php\/1317-2\/\",\"name\":\"Wystawy - Krzysztof Musia\u0142\",\"isPartOf\":{\"@id\":\"https:\/\/krzysztofmusial.art\/#website\"},\"primaryImageOfPage\":{\"@id\":\"https:\/\/krzysztofmusial.art\/index.php\/1317-2\/#primaryimage\"},\"image\":{\"@id\":\"https:\/\/krzysztofmusial.art\/index.php\/1317-2\/#primaryimage\"},\"thumbnailUrl\":\"https:\/\/krzysztofmusial.art\/wp-content\/uploads\/2025\/12\/slupsk_094-150x150.jpg\",\"datePublished\":\"2026-02-24T17:10:55+00:00\",\"dateModified\":\"2026-02-25T17:32:28+00:00\",\"breadcrumb\":{\"@id\":\"https:\/\/krzysztofmusial.art\/index.php\/1317-2\/#breadcrumb\"},\"inLanguage\":\"en-US\",\"potentialAction\":[{\"@type\":\"ReadAction\",\"target\":[\"https:\/\/krzysztofmusial.art\/index.php\/1317-2\/\"]}]},{\"@type\":\"ImageObject\",\"inLanguage\":\"en-US\",\"@id\":\"https:\/\/krzysztofmusial.art\/index.php\/1317-2\/#primaryimage\",\"url\":\"https:\/\/krzysztofmusial.art\/wp-content\/uploads\/2025\/12\/slupsk_094.jpg\",\"contentUrl\":\"https:\/\/krzysztofmusial.art\/wp-content\/uploads\/2025\/12\/slupsk_094.jpg\",\"width\":1632,\"height\":1224,\"caption\":\"Ba\u0142tycka Galeria Sztuki Wsp\u00f3\u0142czesnej \u2013 Galeria Kameralna \u2013 S\u0142upsk 2005\"},{\"@type\":\"BreadcrumbList\",\"@id\":\"https:\/\/krzysztofmusial.art\/index.php\/1317-2\/#breadcrumb\",\"itemListElement\":[{\"@type\":\"ListItem\",\"position\":1,\"name\":\"Strona g\u0142\u00f3wna\",\"item\":\"https:\/\/krzysztofmusial.art\/\"},{\"@type\":\"ListItem\",\"position\":2,\"name\":\"Wystawy\"}]},{\"@type\":\"WebSite\",\"@id\":\"https:\/\/krzysztofmusial.art\/#website\",\"url\":\"https:\/\/krzysztofmusial.art\/\",\"name\":\"Krzysztof Musia\u0142\",\"description\":\"Malarstwo\",\"potentialAction\":[{\"@type\":\"SearchAction\",\"target\":{\"@type\":\"EntryPoint\",\"urlTemplate\":\"https:\/\/krzysztofmusial.art\/?s={search_term_string}\"},\"query-input\":{\"@type\":\"PropertyValueSpecification\",\"valueRequired\":true,\"valueName\":\"search_term_string\"}}],\"inLanguage\":\"en-US\"}]}<\/script>\n<!-- \/ Yoast SEO plugin. -->","yoast_head_json":{"title":"Wystawy - Krzysztof Musia\u0142","robots":{"index":"index","follow":"follow","max-snippet":"max-snippet:-1","max-image-preview":"max-image-preview:large","max-video-preview":"max-video-preview:-1"},"canonical":"https:\/\/krzysztofmusial.art\/index.php\/1317-2\/","og_locale":"en_US","og_type":"article","og_title":"Wystawy - Krzysztof Musia\u0142","og_url":"https:\/\/krzysztofmusial.art\/index.php\/1317-2\/","og_site_name":"Krzysztof Musia\u0142","article_modified_time":"2026-02-25T17:32:28+00:00","og_image":[{"width":1632,"height":1224,"url":"https:\/\/krzysztofmusial.art\/wp-content\/uploads\/2025\/12\/slupsk_094.jpg","type":"image\/jpeg"}],"twitter_card":"summary_large_image","twitter_misc":{"Est. reading time":"4 minutes"},"schema":{"@context":"https:\/\/schema.org","@graph":[{"@type":"WebPage","@id":"https:\/\/krzysztofmusial.art\/index.php\/1317-2\/","url":"https:\/\/krzysztofmusial.art\/index.php\/1317-2\/","name":"Wystawy - Krzysztof Musia\u0142","isPartOf":{"@id":"https:\/\/krzysztofmusial.art\/#website"},"primaryImageOfPage":{"@id":"https:\/\/krzysztofmusial.art\/index.php\/1317-2\/#primaryimage"},"image":{"@id":"https:\/\/krzysztofmusial.art\/index.php\/1317-2\/#primaryimage"},"thumbnailUrl":"https:\/\/krzysztofmusial.art\/wp-content\/uploads\/2025\/12\/slupsk_094-150x150.jpg","datePublished":"2026-02-24T17:10:55+00:00","dateModified":"2026-02-25T17:32:28+00:00","breadcrumb":{"@id":"https:\/\/krzysztofmusial.art\/index.php\/1317-2\/#breadcrumb"},"inLanguage":"en-US","potentialAction":[{"@type":"ReadAction","target":["https:\/\/krzysztofmusial.art\/index.php\/1317-2\/"]}]},{"@type":"ImageObject","inLanguage":"en-US","@id":"https:\/\/krzysztofmusial.art\/index.php\/1317-2\/#primaryimage","url":"https:\/\/krzysztofmusial.art\/wp-content\/uploads\/2025\/12\/slupsk_094.jpg","contentUrl":"https:\/\/krzysztofmusial.art\/wp-content\/uploads\/2025\/12\/slupsk_094.jpg","width":1632,"height":1224,"caption":"Ba\u0142tycka Galeria Sztuki Wsp\u00f3\u0142czesnej \u2013 Galeria Kameralna \u2013 S\u0142upsk 2005"},{"@type":"BreadcrumbList","@id":"https:\/\/krzysztofmusial.art\/index.php\/1317-2\/#breadcrumb","itemListElement":[{"@type":"ListItem","position":1,"name":"Strona g\u0142\u00f3wna","item":"https:\/\/krzysztofmusial.art\/"},{"@type":"ListItem","position":2,"name":"Wystawy"}]},{"@type":"WebSite","@id":"https:\/\/krzysztofmusial.art\/#website","url":"https:\/\/krzysztofmusial.art\/","name":"Krzysztof Musia\u0142","description":"Malarstwo","potentialAction":[{"@type":"SearchAction","target":{"@type":"EntryPoint","urlTemplate":"https:\/\/krzysztofmusial.art\/?s={search_term_string}"},"query-input":{"@type":"PropertyValueSpecification","valueRequired":true,"valueName":"search_term_string"}}],"inLanguage":"en-US"}]}},"_links":{"self":[{"href":"https:\/\/krzysztofmusial.art\/index.php\/wp-json\/wp\/v2\/pages\/1317","targetHints":{"allow":["GET"]}}],"collection":[{"href":"https:\/\/krzysztofmusial.art\/index.php\/wp-json\/wp\/v2\/pages"}],"about":[{"href":"https:\/\/krzysztofmusial.art\/index.php\/wp-json\/wp\/v2\/types\/page"}],"author":[{"embeddable":true,"href":"https:\/\/krzysztofmusial.art\/index.php\/wp-json\/wp\/v2\/users\/1"}],"replies":[{"embeddable":true,"href":"https:\/\/krzysztofmusial.art\/index.php\/wp-json\/wp\/v2\/comments?post=1317"}],"version-history":[{"count":27,"href":"https:\/\/krzysztofmusial.art\/index.php\/wp-json\/wp\/v2\/pages\/1317\/revisions"}],"predecessor-version":[{"id":1370,"href":"https:\/\/krzysztofmusial.art\/index.php\/wp-json\/wp\/v2\/pages\/1317\/revisions\/1370"}],"wp:attachment":[{"href":"https:\/\/krzysztofmusial.art\/index.php\/wp-json\/wp\/v2\/media?parent=1317"}],"curies":[{"name":"wp","href":"https:\/\/api.w.org\/{rel}","templated":true}]}}